{"id":21,"date":"2024-01-15T10:48:39","date_gmt":"2024-01-15T09:48:39","guid":{"rendered":"https:\/\/nesman.eu\/?page_id=21"},"modified":"2024-03-12T12:55:11","modified_gmt":"2024-03-12T11:55:11","slug":"alquileres","status":"publish","type":"page","link":"https:\/\/nesman.eu\/index.php\/alquileres\/","title":{"rendered":"Alquileres"},"content":{"rendered":"\n<p class=\"has-text-align-center\" style=\"font-size:26px\">\u00a1<strong>Consulta los art\u00edculos disponibles para alquiler y ll\u00e1manos si te interesa alguno!<\/strong><\/p>\n\n\n\n<div style=\"height:20px\" aria-hidden=\"true\" class=\"wp-block-spacer\"><\/div>\n\n\n\n<hr class=\"wp-block-separator has-text-color has-luminous-vivid-amber-color has-alpha-channel-opacity has-luminous-vivid-amber-background-color has-background\"\/>\n\n\n\n<div class=\"wp-block-columns is-layout-flex wp-container-core-columns-is-layout-9d6595d7 wp-block-columns-is-layout-flex\">\n<div class=\"wp-block-column is-layout-flow wp-block-column-is-layout-flow\">\n<div class=\"wp-block-group m-5 is-vertical is-content-justification-center is-layout-flex wp-container-core-group-is-layout-0472769e wp-block-group-is-layout-flex\">\n<figure class=\"wp-block-image size-full is-resized\"><img fetchpriority=\"high\" decoding=\"async\" width=\"400\" height=\"400\" src=\"https:\/\/nesman.eu\/wp-content\/uploads\/2024\/01\/bomba-de-aguas-sucias-con-manguera.jpg\" alt=\"\" class=\"wp-image-163\" style=\"width:300px\"\/><\/figure>\n\n\n\n<p class=\"has-text-align-center m-2\" style=\"font-size:22px\"><strong>Bombas de achique<\/strong><\/p>\n\n\n\n<p class=\"has-text-align-center\">Ideal para la extracci\u00f3n y desag\u00fce de aguas sucias residuales entre otras.<\/p>\n<\/div>\n<\/div>\n\n\n\n<div class=\"wp-block-column is-layout-flow wp-block-column-is-layout-flow\">\n<div class=\"wp-block-group m-5 is-vertical is-content-justification-center is-layout-flex wp-container-core-group-is-layout-0472769e wp-block-group-is-layout-flex\">\n<figure class=\"wp-block-image size-full is-resized rounded\"><img decoding=\"async\" width=\"400\" height=\"400\" src=\"https:\/\/nesman.eu\/wp-content\/uploads\/2024\/01\/hidrolimpiadora-gasolina.jpg\" alt=\"\" class=\"wp-image-166\" style=\"width:300px\"\/><\/figure>\n\n\n\n<p class=\"has-text-align-center m-2\" style=\"font-size:22px\"><strong>Hidrolimpiadoras<\/strong><\/p>\n\n\n\n<p class=\"has-text-align-center\">Para limpiezas a fondo de casi cualquier tipo de superficies.<\/p>\n<\/div>\n<\/div>\n<\/div>\n<div class=\"pvc_clear\"><\/div><p id=\"pvc_stats_21\" class=\"pvc_stats all  \" data-element-id=\"21\" style=\"\"><i class=\"pvc-stats-icon medium\" aria-hidden=\"true\"><svg aria-hidden=\"true\" focusable=\"false\" data-prefix=\"far\" data-icon=\"chart-bar\" role=\"img\" xmlns=\"http:\/\/www.w3.org\/2000\/svg\" viewBox=\"0 0 512 512\" class=\"svg-inline--fa fa-chart-bar fa-w-16 fa-2x\"><path fill=\"currentColor\" d=\"M396.8 352h22.4c6.4 0 12.8-6.4 12.8-12.8V108.8c0-6.4-6.4-12.8-12.8-12.8h-22.4c-6.4 0-12.8 6.4-12.8 12.8v230.4c0 6.4 6.4 12.8 12.8 12.8zm-192 0h22.4c6.4 0 12.8-6.4 12.8-12.8V140.8c0-6.4-6.4-12.8-12.8-12.8h-22.4c-6.4 0-12.8 6.4-12.8 12.8v198.4c0 6.4 6.4 12.8 12.8 12.8zm96 0h22.4c6.4 0 12.8-6.4 12.8-12.8V204.8c0-6.4-6.4-12.8-12.8-12.8h-22.4c-6.4 0-12.8 6.4-12.8 12.8v134.4c0 6.4 6.4 12.8 12.8 12.8zM496 400H48V80c0-8.84-7.16-16-16-16H16C7.16 64 0 71.16 0 80v336c0 17.67 14.33 32 32 32h464c8.84 0 16-7.16 16-16v-16c0-8.84-7.16-16-16-16zm-387.2-48h22.4c6.4 0 12.8-6.4 12.8-12.8v-70.4c0-6.4-6.4-12.8-12.8-12.8h-22.4c-6.4 0-12.8 6.4-12.8 12.8v70.4c0 6.4 6.4 12.8 12.8 12.8z\" class=\"\"><\/path><\/svg><\/i> <img decoding=\"async\" width=\"16\" height=\"16\" alt=\"Loading\" src=\"https:\/\/nesman.eu\/wp-content\/plugins\/page-views-count\/ajax-loader-2x.gif\" border=0 \/><\/p><div class=\"pvc_clear\"><\/div>","protected":false},"excerpt":{"rendered":"<p>\u00a1Consulta los art\u00edculos disponibles para alquiler y ll\u00e1manos si te interesa alguno! Bombas de achique Ideal para la extracci\u00f3n y desag\u00fce de aguas sucias residuales entre otras. Hidrolimpiadoras Para limpiezas a fondo de casi cualquier tipo de superficies.<\/p>\n<div class=\"pvc_clear\"><\/div>\n<p id=\"pvc_stats_21\" class=\"pvc_stats all  \" data-element-id=\"21\" style=\"\"><i class=\"pvc-stats-icon medium\" aria-hidden=\"true\"><svg aria-hidden=\"true\" focusable=\"false\" data-prefix=\"far\" data-icon=\"chart-bar\" role=\"img\" xmlns=\"http:\/\/www.w3.org\/2000\/svg\" viewBox=\"0 0 512 512\" class=\"svg-inline--fa fa-chart-bar fa-w-16 fa-2x\"><path fill=\"currentColor\" d=\"M396.8 352h22.4c6.4 0 12.8-6.4 12.8-12.8V108.8c0-6.4-6.4-12.8-12.8-12.8h-22.4c-6.4 0-12.8 6.4-12.8 12.8v230.4c0 6.4 6.4 12.8 12.8 12.8zm-192 0h22.4c6.4 0 12.8-6.4 12.8-12.8V140.8c0-6.4-6.4-12.8-12.8-12.8h-22.4c-6.4 0-12.8 6.4-12.8 12.8v198.4c0 6.4 6.4 12.8 12.8 12.8zm96 0h22.4c6.4 0 12.8-6.4 12.8-12.8V204.8c0-6.4-6.4-12.8-12.8-12.8h-22.4c-6.4 0-12.8 6.4-12.8 12.8v134.4c0 6.4 6.4 12.8 12.8 12.8zM496 400H48V80c0-8.84-7.16-16-16-16H16C7.16 64 0 71.16 0 80v336c0 17.67 14.33 32 32 32h464c8.84 0 16-7.16 16-16v-16c0-8.84-7.16-16-16-16zm-387.2-48h22.4c6.4 0 12.8-6.4 12.8-12.8v-70.4c0-6.4-6.4-12.8-12.8-12.8h-22.4c-6.4 0-12.8 6.4-12.8 12.8v70.4c0 6.4 6.4 12.8 12.8 12.8z\" class=\"\"><\/path><\/svg><\/i> <img decoding=\"async\" width=\"16\" height=\"16\" alt=\"Loading\" src=\"https:\/\/nesman.eu\/wp-content\/plugins\/page-views-count\/ajax-loader-2x.gif\" border=0 \/><\/p>\n<div class=\"pvc_clear\"><\/div>\n","protected":false},"author":1,"featured_media":0,"parent":0,"menu_order":0,"comment_status":"closed","ping_status":"closed","template":"","meta":{"footnotes":""},"class_list":["post-21","page","type-page","status-publish","hentry"],"yoast_head":"<!-- This site is optimized with the Yoast SEO plugin v27.3 - https:\/\/yoast.com\/product\/yoast-seo-wordpress\/ -->\n<title>Alquileres - Nesman<\/title>\n<meta name=\"robots\" content=\"index, follow, max-snippet:-1, max-image-preview:large, max-video-preview:-1\" \/>\n<link rel=\"canonical\" href=\"https:\/\/nesman.eu\/index.php\/alquileres\/\" \/>\n<meta property=\"og:locale\" content=\"es_ES\" \/>\n<meta property=\"og:type\" content=\"article\" \/>\n<meta property=\"og:title\" content=\"Alquileres - Nesman\" \/>\n<meta property=\"og:description\" content=\"\u00a1Consulta los art\u00edculos disponibles para alquiler y ll\u00e1manos si te interesa alguno! Bombas de achique Ideal para la extracci\u00f3n y desag\u00fce de aguas sucias residuales entre otras. Hidrolimpiadoras Para limpiezas a fondo de casi cualquier tipo de superficies.\" \/>\n<meta property=\"og:url\" content=\"https:\/\/nesman.eu\/index.php\/alquileres\/\" \/>\n<meta property=\"og:site_name\" content=\"Nesman\" \/>\n<meta property=\"article:modified_time\" content=\"2024-03-12T11:55:11+00:00\" \/>\n<meta property=\"og:image\" content=\"https:\/\/nesman.eu\/wp-content\/uploads\/2024\/01\/bomba-de-aguas-sucias-con-manguera.jpg\" \/>\n<meta name=\"twitter:card\" content=\"summary_large_image\" \/>\n<meta name=\"twitter:label1\" content=\"Tiempo de lectura\" \/>\n\t<meta name=\"twitter:data1\" content=\"1 minuto\" \/>\n<script type=\"application\/ld+json\" class=\"yoast-schema-graph\">{\"@context\":\"https:\\\/\\\/schema.org\",\"@graph\":[{\"@type\":\"WebPage\",\"@id\":\"https:\\\/\\\/nesman.eu\\\/index.php\\\/alquileres\\\/\",\"url\":\"https:\\\/\\\/nesman.eu\\\/index.php\\\/alquileres\\\/\",\"name\":\"Alquileres - Nesman\",\"isPartOf\":{\"@id\":\"https:\\\/\\\/nesman.eu\\\/#website\"},\"primaryImageOfPage\":{\"@id\":\"https:\\\/\\\/nesman.eu\\\/index.php\\\/alquileres\\\/#primaryimage\"},\"image\":{\"@id\":\"https:\\\/\\\/nesman.eu\\\/index.php\\\/alquileres\\\/#primaryimage\"},\"thumbnailUrl\":\"https:\\\/\\\/nesman.eu\\\/wp-content\\\/uploads\\\/2024\\\/01\\\/bomba-de-aguas-sucias-con-manguera.jpg\",\"datePublished\":\"2024-01-15T09:48:39+00:00\",\"dateModified\":\"2024-03-12T11:55:11+00:00\",\"breadcrumb\":{\"@id\":\"https:\\\/\\\/nesman.eu\\\/index.php\\\/alquileres\\\/#breadcrumb\"},\"inLanguage\":\"es\",\"potentialAction\":[{\"@type\":\"ReadAction\",\"target\":[\"https:\\\/\\\/nesman.eu\\\/index.php\\\/alquileres\\\/\"]}]},{\"@type\":\"ImageObject\",\"inLanguage\":\"es\",\"@id\":\"https:\\\/\\\/nesman.eu\\\/index.php\\\/alquileres\\\/#primaryimage\",\"url\":\"https:\\\/\\\/nesman.eu\\\/wp-content\\\/uploads\\\/2024\\\/01\\\/bomba-de-aguas-sucias-con-manguera.jpg\",\"contentUrl\":\"https:\\\/\\\/nesman.eu\\\/wp-content\\\/uploads\\\/2024\\\/01\\\/bomba-de-aguas-sucias-con-manguera.jpg\",\"width\":400,\"height\":400},{\"@type\":\"BreadcrumbList\",\"@id\":\"https:\\\/\\\/nesman.eu\\\/index.php\\\/alquileres\\\/#breadcrumb\",\"itemListElement\":[{\"@type\":\"ListItem\",\"position\":1,\"name\":\"Portada\",\"item\":\"https:\\\/\\\/nesman.eu\\\/\"},{\"@type\":\"ListItem\",\"position\":2,\"name\":\"Alquileres\"}]},{\"@type\":\"WebSite\",\"@id\":\"https:\\\/\\\/nesman.eu\\\/#website\",\"url\":\"https:\\\/\\\/nesman.eu\\\/\",\"name\":\"Nesman\",\"description\":\"Alquiler de maquinaria y servicios\",\"potentialAction\":[{\"@type\":\"SearchAction\",\"target\":{\"@type\":\"EntryPoint\",\"urlTemplate\":\"https:\\\/\\\/nesman.eu\\\/?s={search_term_string}\"},\"query-input\":{\"@type\":\"PropertyValueSpecification\",\"valueRequired\":true,\"valueName\":\"search_term_string\"}}],\"inLanguage\":\"es\"}]}<\/script>\n<!-- \/ Yoast SEO plugin. -->","yoast_head_json":{"title":"Alquileres - Nesman","robots":{"index":"index","follow":"follow","max-snippet":"max-snippet:-1","max-image-preview":"max-image-preview:large","max-video-preview":"max-video-preview:-1"},"canonical":"https:\/\/nesman.eu\/index.php\/alquileres\/","og_locale":"es_ES","og_type":"article","og_title":"Alquileres - Nesman","og_description":"\u00a1Consulta los art\u00edculos disponibles para alquiler y ll\u00e1manos si te interesa alguno! Bombas de achique Ideal para la extracci\u00f3n y desag\u00fce de aguas sucias residuales entre otras. Hidrolimpiadoras Para limpiezas a fondo de casi cualquier tipo de superficies.","og_url":"https:\/\/nesman.eu\/index.php\/alquileres\/","og_site_name":"Nesman","article_modified_time":"2024-03-12T11:55:11+00:00","og_image":[{"url":"https:\/\/nesman.eu\/wp-content\/uploads\/2024\/01\/bomba-de-aguas-sucias-con-manguera.jpg","type":"","width":"","height":""}],"twitter_card":"summary_large_image","twitter_misc":{"Tiempo de lectura":"1 minuto"},"schema":{"@context":"https:\/\/schema.org","@graph":[{"@type":"WebPage","@id":"https:\/\/nesman.eu\/index.php\/alquileres\/","url":"https:\/\/nesman.eu\/index.php\/alquileres\/","name":"Alquileres - Nesman","isPartOf":{"@id":"https:\/\/nesman.eu\/#website"},"primaryImageOfPage":{"@id":"https:\/\/nesman.eu\/index.php\/alquileres\/#primaryimage"},"image":{"@id":"https:\/\/nesman.eu\/index.php\/alquileres\/#primaryimage"},"thumbnailUrl":"https:\/\/nesman.eu\/wp-content\/uploads\/2024\/01\/bomba-de-aguas-sucias-con-manguera.jpg","datePublished":"2024-01-15T09:48:39+00:00","dateModified":"2024-03-12T11:55:11+00:00","breadcrumb":{"@id":"https:\/\/nesman.eu\/index.php\/alquileres\/#breadcrumb"},"inLanguage":"es","potentialAction":[{"@type":"ReadAction","target":["https:\/\/nesman.eu\/index.php\/alquileres\/"]}]},{"@type":"ImageObject","inLanguage":"es","@id":"https:\/\/nesman.eu\/index.php\/alquileres\/#primaryimage","url":"https:\/\/nesman.eu\/wp-content\/uploads\/2024\/01\/bomba-de-aguas-sucias-con-manguera.jpg","contentUrl":"https:\/\/nesman.eu\/wp-content\/uploads\/2024\/01\/bomba-de-aguas-sucias-con-manguera.jpg","width":400,"height":400},{"@type":"BreadcrumbList","@id":"https:\/\/nesman.eu\/index.php\/alquileres\/#breadcrumb","itemListElement":[{"@type":"ListItem","position":1,"name":"Portada","item":"https:\/\/nesman.eu\/"},{"@type":"ListItem","position":2,"name":"Alquileres"}]},{"@type":"WebSite","@id":"https:\/\/nesman.eu\/#website","url":"https:\/\/nesman.eu\/","name":"Nesman","description":"Alquiler de maquinaria y servicios","potentialAction":[{"@type":"SearchAction","target":{"@type":"EntryPoint","urlTemplate":"https:\/\/nesman.eu\/?s={search_term_string}"},"query-input":{"@type":"PropertyValueSpecification","valueRequired":true,"valueName":"search_term_string"}}],"inLanguage":"es"}]}},"_links":{"self":[{"href":"https:\/\/nesman.eu\/index.php\/wp-json\/wp\/v2\/pages\/21","targetHints":{"allow":["GET"]}}],"collection":[{"href":"https:\/\/nesman.eu\/index.php\/wp-json\/wp\/v2\/pages"}],"about":[{"href":"https:\/\/nesman.eu\/index.php\/wp-json\/wp\/v2\/types\/page"}],"author":[{"embeddable":true,"href":"https:\/\/nesman.eu\/index.php\/wp-json\/wp\/v2\/users\/1"}],"replies":[{"embeddable":true,"href":"https:\/\/nesman.eu\/index.php\/wp-json\/wp\/v2\/comments?post=21"}],"version-history":[{"count":44,"href":"https:\/\/nesman.eu\/index.php\/wp-json\/wp\/v2\/pages\/21\/revisions"}],"predecessor-version":[{"id":294,"href":"https:\/\/nesman.eu\/index.php\/wp-json\/wp\/v2\/pages\/21\/revisions\/294"}],"wp:attachment":[{"href":"https:\/\/nesman.eu\/index.php\/wp-json\/wp\/v2\/media?parent=21"}],"curies":[{"name":"wp","href":"https:\/\/api.w.org\/{rel}","templated":true}]}}